944?
4
What is the ten thousands digit of 3883590111?
9
What is the thousands digit of 1405481341?
1
What is the thousands digit of 5683375579?
5
What is the hundreds digit of 29371659?
6
What is the hundreds digit of 138294411?
4
What is the hundred millions digit of 253965012?
2
What is the thousands digit of 55423922?
3
What is the tens digit of 1490648038?
3
What is the millions digit of 1817990420?
7
What is the tens digit of 5206051380?
8
What is the ten thousands digit of 70967854?
6
What is the ten millions digit of 595937018?
9
What is the ten millions digit of 274600008?
7
What is the tens digit of 67036677?
7
What is the hundreds digit of 207075894?
8
What is the ten thousands digit of 79178082?
7
What is the units digit of 1111107828?
8
What is the hundred millions digit of 499992488?
4
What is the ten thousands digit of 52991886?
9
What is the millions digit of 273634091?
3
What is the thousands digit of 273695234?
5
What is the hundred thousands digit of 68064207?
0
What is the tens digit of 131184582?
8
What is the units digit of 5118614134?
4
What is the ten millions digit of 7029230766?
2
What is the millions digit of 1529731278?
9
What is the millions digit of 1338424530?
8
What is the thousands digit of 47422333?
2
What is the tens digit of 66751276?
7
What is the millions digit of 6250763798?
0
What is the units digit of 6126771?
1
What is the tens digit of 79449235?
3
What is the units digit of 227792206?
6
What is the millions digit of 15154051?
5
What is the hundred thousands digit of 251612893?
6
What is the thousands digit of 60560863?
0
What is the hundred millions digit of 313621120?
3
What is the thousands digit of 2124174624?
4
What is the millions digit of 151820418?
1
What is the thousands digit of 286735136?
5
What is the hundred thousands digit of 79259926?
2
What is the ten millions digit of 250005696?
5
What is the hundreds digit of 4598577939?
9
What is the tens digit of 1529066681?
8
What is the tens digit of 156774735?
3
What is the ten millions digit of 508066653?
0
What is the ten thousands digit of 64303819?
0
What is the millions digit of 6805320?
6
What is the thousands digit of 1553282886?
2
What is the millions digit of 140080711?
0
What is the millions digit of 535058321?
5
What is the ten millions digit of 1014354071?
1
What is the hundred thousands digit of 39696732?
6
What is the units digit of 43903309?
9
What is the millions digit of 456799028?
6
What is the thousands digit of 71327386?
7
What is the hundred thousands digit of 30567014?
5
What is the hundred thousands digit of 41451305?
4
What is the ten millions digit of 2219178231?
1
What is the millions digit of 417421449?
7
What is the units digit of 4815651721?
1
What is the ten thousands digit of 242820138?
2
What is the hundred thousands digit of 765659127?
6
What is the thousands digit of 141146121?
6
What is the millions digit of 21501922?
1
What is the ten millions digit of 11258660?
1
What is the billions digit of 2751106115?
2
What is the millions digit of 205255721?
5
What is the tens digit of 25041470?
7
What is the units digit of 266382832?
2
What is the hundreds digit of 74161791?
7
What is the units digit of 150712475?
5
What is the hundred thousands digit of 7543533?
5
What is the billions digit of 3545829696?
3
What is the millions digit of 75253231?
5
What is the ten millions digit of 55591251?
5
What is the ten thousands digit of 179868779?
6
What is the hundred thousands digit of 22540530?
5
What is the billions digit of 1769593393?
1
What is the ten thousands digit of 2441343616?
4
What is the tens digit of 13431252?
5
What is the thousands digit of 431363463?
3
What is the hundreds digit of 537175539?
5
What is the hundred thousands digit of 367653696?
6
What is the millions digit of 248370605?
8
What is the ten thousands digit of 2385675130?
7
What is the thousands digit of 360527955?
7
What is the ten thousands digit of 4082186?
8
What is the units digit of 188614522?
2
What is the millions digit of 3812056304?
2
What is the units digit of 47827498?
8
What is the hundred thousands digit of 35284920?
2
What is the ten millions digit of 2318843113?
1
What is the tens digit of 53117776?
7
What is the hundred millions digit of 137081082?
1
What is the millions digit of 811818296?
1
What is the ten thousands digit of 344367452?
6
What is the hundreds digit of 49191938?
9
What is the hundreds digit of 8022170?
1
What is the ten millions digit of 1881450146?
8
What is the thousands digit of 808323710?
3
What is the hundred thousands digit of 365529485?
5
What is the hundred millions digit of 804632209?
8
What is the millions digit of 842569478?
2
What is the thousands digit of 316724834?
4
What is the millions digit of 1936564562?
6
What is the thousands digit of 918874030?
4
What is the hundred thousands digit of 46840166?
8
What is the tens digit of 1252669?
6
What is the tens digit of 18291967?
6
What is the units digit of 5445358059?
9
What is the ten thousands digit of 658797248?
9
What is the hundred thousands digit of 548523081?
5
What is the millions digit of 1739191705?
9
What is the hundred thousands digit of 76745286?
7
What is the ten thousands digit of 836737439?
3
What is the hundreds digit of 341799756?
7
What is the hundred thousands digit of 1644875878?
8
What is the tens digit of 90938411?
1
What is the ten millions digit of 106368506?
0
What is the hundred thousands digit of 106566188?
5
What is the millions digit of 13247487?
3
What is the thousands digit of 83115611?
5
What is the units digit of 1051931644?
4
What is the thousands digit of 122367240?
7
What is the millions digit of 390955724?
0
What is the millions digit of 55498750?
5
What is the hundreds digit of 22795264?
2
What is the tens digit of 164905010?
1
What is the tens digit of 1586537434?
3
What is the ten millions digit of 6401009183?
0
What is the hundred thousands digit of 7415631524?
6
What is the millions digit of 48771739?
8
What is the ten millions digit of 119114586?
1
What is the tens digit of 2941074744?
4
What is the ten thousands digit of 381581318?
8
What is the thousands digit of 1509128629?
8
What is the hundred thousands digit of 131500798?
5
What is the hundreds digit of 115549714?
7
What is the hundred millions digit of 184379080?
1
What is the units digit of 6604629?
9
What is the units digit of 3329769682?
2
What is the units digit of 155976283?
3
What is the ten thousands digit of 5812821?
1
What is the ten thousands digit of 329473217?
7
What is the hundred thousands digit of 656213470?
2
What is the ten thousands digit of 4264644228?
4
What is the thousands digit of 15017878?
7
What is the millions digit of 442299107?
2
What is the thousands digit of 655083892?
3
What is the millions digit of 285997862?
5
What is the hundred thousands digit of 918175423?
1
What is the hundred thousands digit of 3745822604?
8
What is the hundred thousands digit of 243631554?
6
What is the ten millions digit of 746475025?
4
What is the hundred thousands digit of 2634717893?
7
What is the hundreds digit of 127439615?
6
What is the tens digit of 9196563488?
8
What is the millions digit of 1103621854?
3
What is the tens digit of 234843228?
2
What is the hundred thousands digit of 122609096?
6
What is the thousands digit of 53969809?
9
What is the ten thousands digit of 830079470?
7
What is the ten millions digit of 136108798?
3
What is the hundreds digit of 39975405?
4
What is the ten millions digit of 6325783414?
2
What is the thousands digit of 57747765?
7
What is the ten millions digit of 1011108895?
1
What is the ten thousands digit of 886508941?
0
What is the hundreds digit of 9924163?
1
What is the hundred millions digit of 3713625308?
7
What is the units digit of 417339835?
5
What is the thousands digit of 62080780?
0
What is the ten thousands digit of 1047418897?
1
What is the thousands digit of 5026472317?
2
What is the hundred thousands digit of 113745512?
7
What is the tens digit of 17874719?
1
What is the hundred thousands digit of 46405861?
4
What is the millions digit of 111358169?
1
What is the ten thousands digit of 13621470?
2
What is the thousands digit of 1040965942?
5
What is the units digit of 331862613?
3
What is